{"id":570,"date":"2026-02-16T11:32:44","date_gmt":"2026-02-16T11:32:44","guid":{"rendered":"http:\/\/restard.cluster100.hosting.ovh.net\/?page_id=570"},"modified":"2026-02-16T12:50:36","modified_gmt":"2026-02-16T12:50:36","slug":"elementor-570","status":"publish","type":"page","link":"https:\/\/restart-club.fr\/index.php\/elementor-570\/","title":{"rendered":"Devenir membre\u00a0"},"content":{"rendered":"\t\t<div data-elementor-type=\"wp-page\" data-elementor-id=\"570\" class=\"elementor elementor-570\">\n\t\t\t\t<div class=\"elementor-element elementor-element-e190b6e e-con-full e-flex e-con e-parent\" data-id=\"e190b6e\" data-element_type=\"container\" data-e-type=\"container\">\n\t\t\t\t<div class=\"elementor-element elementor-element-b5536eb elementor-hidden-tablet elementor-hidden-mobile elementor-widget-divider--view-line elementor-widget elementor-widget-divider\" data-id=\"b5536eb\" data-element_type=\"widget\" data-e-type=\"widget\" data-widget_type=\"divider.default\">\n\t\t\t\t\t\t\t<div class=\"elementor-divider\">\n\t\t\t<span class=\"elementor-divider-separator\">\n\t\t\t\t\t\t<\/span>\n\t\t<\/div>\n\t\t\t\t\t\t<\/div>\n\t\t\t\t<div class=\"elementor-element elementor-element-ca0867f elementor-widget elementor-widget-image\" data-id=\"ca0867f\" data-element_type=\"widget\" data-e-type=\"widget\" data-widget_type=\"image.default\">\n\t\t\t\t\t\t\t\t\t\t\t\t\t\t\t<img fetchpriority=\"high\" decoding=\"async\" width=\"360\" height=\"240\" src=\"https:\/\/restart-club.fr\/wp-content\/uploads\/2025\/12\/salle-sport-fond-noir-photo-noir-blanc-salle-sport-appareil-musculation_889227-1530.jpg\" class=\"attachment-full size-full wp-image-153\" alt=\"\" srcset=\"https:\/\/restart-club.fr\/wp-content\/uploads\/2025\/12\/salle-sport-fond-noir-photo-noir-blanc-salle-sport-appareil-musculation_889227-1530.jpg 360w, https:\/\/restart-club.fr\/wp-content\/uploads\/2025\/12\/salle-sport-fond-noir-photo-noir-blanc-salle-sport-appareil-musculation_889227-1530-300x200.jpg 300w\" sizes=\"(max-width: 360px) 100vw, 360px\" \/>\t\t\t\t\t\t\t\t\t\t\t\t\t\t\t<\/div>\n\t\t\t\t<div class=\"elementor-element elementor-element-f1ccaee elementor-invisible elementor-widget elementor-widget-heading\" data-id=\"f1ccaee\" data-element_type=\"widget\" data-e-type=\"widget\" data-settings=\"{&quot;_animation&quot;:&quot;fadeInUp&quot;}\" data-widget_type=\"heading.default\">\n\t\t\t\t\t<h1 class=\"elementor-heading-title elementor-size-default\">devenir membre<\/h1>\t\t\t\t<\/div>\n\t\t\t\t<div class=\"elementor-element elementor-element-9ea8964 elementor-widget-divider--view-line elementor-widget elementor-widget-divider\" data-id=\"9ea8964\" data-element_type=\"widget\" data-e-type=\"widget\" data-widget_type=\"divider.default\">\n\t\t\t\t\t\t\t<div class=\"elementor-divider\">\n\t\t\t<span class=\"elementor-divider-separator\">\n\t\t\t\t\t\t<\/span>\n\t\t<\/div>\n\t\t\t\t\t\t<\/div>\n\t\t\t\t<div class=\"elementor-element elementor-element-cb8343e elementor-widget elementor-widget-heading\" data-id=\"cb8343e\" data-element_type=\"widget\" data-e-type=\"widget\" data-widget_type=\"heading.default\">\n\t\t\t\t\t<h2 class=\"elementor-heading-title elementor-size-default\">ENTREZ DANS L'UNIVERS RESTART<\/h2>\t\t\t\t<\/div>\n\t\t\t\t<div class=\"elementor-element elementor-element-360a699 elementor-widget-divider--view-line elementor-widget elementor-widget-divider\" data-id=\"360a699\" data-element_type=\"widget\" data-e-type=\"widget\" data-widget_type=\"divider.default\">\n\t\t\t\t\t\t\t<div class=\"elementor-divider\">\n\t\t\t<span class=\"elementor-divider-separator\">\n\t\t\t\t\t\t<\/span>\n\t\t<\/div>\n\t\t\t\t\t\t<\/div>\n\t\t\t\t<div class=\"elementor-element elementor-element-381547a elementor-widget elementor-widget-text-editor\" data-id=\"381547a\" data-element_type=\"widget\" data-e-type=\"widget\" data-widget_type=\"text-editor.default\">\n\t\t\t\t\t\t\t\t\t<p data-start=\"282\" data-end=\"523\">Restart n\u2019est pas une simple salle de sport. C\u2019est un club pens\u00e9 pour ceux qui veulent investir dans leur sant\u00e9, leur \u00e9nergie et leur long\u00e9vit\u00e9.\u00a0<\/p><p data-start=\"525\" data-end=\"813\">Pour rejoindre le club et d\u00e9couvrir l\u2019exp\u00e9rience Restart, nous vous invitons \u00e0 remplir le formulaire ci-dessous.<\/p><p data-start=\"525\" data-end=\"813\">Un membre de notre \u00e9quipe prendra contact avec vous afin d\u2019organiser un <strong data-start=\"712\" data-end=\"734\">brief personnalis\u00e9<\/strong>, pour comprendre vos motivations et vous pr\u00e9senter notre approche exclusive.<\/p>\t\t\t\t\t\t\t\t<\/div>\n\t\t\t\t<\/div>\n\t\t<div class=\"elementor-element elementor-element-3acf032 e-con-full e-flex e-con e-parent\" data-id=\"3acf032\" data-element_type=\"container\" data-e-type=\"container\">\n\t\t\t\t<div class=\"elementor-element elementor-element-03e58eb elementor-widget-divider--view-line elementor-widget elementor-widget-divider\" data-id=\"03e58eb\" data-element_type=\"widget\" data-e-type=\"widget\" data-widget_type=\"divider.default\">\n\t\t\t\t\t\t\t<div class=\"elementor-divider\">\n\t\t\t<span class=\"elementor-divider-separator\">\n\t\t\t\t\t\t<\/span>\n\t\t<\/div>\n\t\t\t\t\t\t<\/div>\n\t\t\t\t<div class=\"elementor-element elementor-element-9dc8436 elementor-widget-divider--view-line elementor-widget elementor-widget-divider\" data-id=\"9dc8436\" data-element_type=\"widget\" data-e-type=\"widget\" data-widget_type=\"divider.default\">\n\t\t\t\t\t\t\t<div class=\"elementor-divider\">\n\t\t\t<span class=\"elementor-divider-separator\">\n\t\t\t\t\t\t<\/span>\n\t\t<\/div>\n\t\t\t\t\t\t<\/div>\n\t\t\t\t<div class=\"elementor-element elementor-element-524ee99 elementor-widget elementor-widget-shortcode\" data-id=\"524ee99\" data-element_type=\"widget\" data-e-type=\"widget\" data-widget_type=\"shortcode.default\">\n\t\t\t\t\t\t\t<div class=\"elementor-shortcode\"><div class=\"forminator-ui forminator-custom-form forminator-custom-form-575 forminator-design--basic  forminator_ajax\" data-forminator-render=\"0\" data-form=\"forminator-module-575\" data-uid=\"69d50d536e911\"><br\/><\/div><form\n\t\t\t\tid=\"forminator-module-575\"\n\t\t\t\tclass=\"forminator-ui forminator-custom-form forminator-custom-form-575 forminator-design--basic  forminator_ajax\"\n\t\t\t\tmethod=\"post\"\n\t\t\t\tdata-forminator-render=\"0\"\n\t\t\t\tdata-form-id=\"575\"\n\t\t\t\t data-color-option=\"theme\" data-design=\"basic\" data-grid=\"open\" style=\"display: none;\"\n\t\t\t\tdata-uid=\"69d50d536e911\"\n\t\t\t><div role=\"alert\" aria-live=\"polite\" class=\"forminator-response-message forminator-error\" aria-hidden=\"true\"><\/div><div class=\"forminator-row\"><div id=\"name-1\" class=\"forminator-field-name forminator-col forminator-col-12 \"><div class=\"forminator-field\"><label for=\"forminator-field-name-1_69d50d536e911\" id=\"forminator-field-name-1_69d50d536e911-label\" class=\"forminator-label\">Nom Pr\u00e9nom<\/label><input type=\"text\" name=\"name-1\" value=\"\" placeholder=\"\" id=\"forminator-field-name-1_69d50d536e911\" class=\"forminator-input forminator-name--field\" aria-required=\"false\" autocomplete=\"name\" \/><\/div><\/div><\/div><div class=\"forminator-row\"><div id=\"email-1\" class=\"forminator-field-email forminator-col forminator-col-12 \"><div class=\"forminator-field\"><label for=\"forminator-field-email-1_69d50d536e911\" id=\"forminator-field-email-1_69d50d536e911-label\" class=\"forminator-label\">Email<\/label><input type=\"email\" name=\"email-1\" value=\"\" placeholder=\"\" id=\"forminator-field-email-1_69d50d536e911\" class=\"forminator-input forminator-email--field\" data-required=\"\" aria-required=\"false\" autocomplete=\"email\" \/><\/div><\/div><\/div><div class=\"forminator-row\"><div id=\"phone-1\" class=\"forminator-field-phone forminator-col forminator-col-12 \"><div class=\"forminator-field\"><label for=\"forminator-field-phone-1_69d50d536e911\" id=\"forminator-field-phone-1_69d50d536e911-label\" class=\"forminator-label\">T\u00e9l\u00e9phone<\/label><input type=\"text\" name=\"phone-1\" value=\"\" placeholder=\"\" id=\"forminator-field-phone-1_69d50d536e911\" class=\"forminator-input forminator-field--phone\" data-required=\"\" aria-required=\"false\" autocomplete=\"off\" \/><\/div><\/div><\/div><div class=\"forminator-row\"><div id=\"textarea-1\" class=\"forminator-field-textarea forminator-col forminator-col-12 \"><div class=\"forminator-field\"><label for=\"forminator-field-textarea-1_69d50d536e911\" id=\"forminator-field-textarea-1_69d50d536e911-label\" class=\"forminator-label\">Quel est votre objectif personnel en rejoignant notre club\u202f?<\/label><textarea name=\"textarea-1\" placeholder=\"\" id=\"forminator-field-textarea-1_69d50d536e911\" class=\"forminator-textarea\" rows=\"6\" style=\"min-height:140px;\" ><\/textarea><\/div><\/div><\/div><input type=\"hidden\" name=\"referer_url\" value=\"\" \/><div class=\"forminator-row forminator-row-last\"><div class=\"forminator-col\"><div class=\"forminator-field\"><button class=\"forminator-button forminator-button-submit\">ENVOYER<\/button><\/div><\/div><\/div><input type=\"hidden\" id=\"forminator_nonce\" name=\"forminator_nonce\" value=\"0ac4aa614a\" \/><input type=\"hidden\" name=\"_wp_http_referer\" value=\"\/index.php\/wp-json\/wp\/v2\/pages\/570\" \/><input type=\"hidden\" name=\"form_id\" value=\"575\"><input type=\"hidden\" name=\"page_id\" value=\"570\"><input type=\"hidden\" name=\"form_type\" value=\"default\"><input type=\"hidden\" name=\"current_url\" value=\"https:\/\/restart-club.fr\/index.php\/elementor-570\/\"><input type=\"hidden\" name=\"render_id\" value=\"0\"><input type=\"hidden\" name=\"action\" value=\"forminator_submit_form_custom-forms\"><label for=\"input_5\" class=\"forminator-hidden\" aria-hidden=\"true\">Veuillez ne pas remplir ce champ. <input id=\"input_5\" type=\"text\" name=\"input_5\" value=\"\" autocomplete=\"off\"><\/label><\/form><\/div>\n\t\t\t\t\t\t<\/div>\n\t\t\t\t<\/div>\n\t\t\t\t<\/div>\n\t\t","protected":false},"excerpt":{"rendered":"<p>devenir membre ENTREZ DANS L&rsquo;UNIVERS RESTART Restart n\u2019est pas une simple salle de sport. C\u2019est un club pens\u00e9 pour ceux qui veulent investir dans leur sant\u00e9, leur \u00e9nergie et leur long\u00e9vit\u00e9.\u00a0 Pour rejoindre le club et d\u00e9couvrir l\u2019exp\u00e9rience Restart, nous vous invitons \u00e0 remplir le formulaire ci-dessous. Un membre de notre \u00e9quipe prendra contact avec [&hellip;]<\/p>\n","protected":false},"author":1,"featured_media":0,"parent":0,"menu_order":0,"comment_status":"closed","ping_status":"closed","template":"","meta":{"footnotes":""},"class_list":["post-570","page","type-page","status-publish","hentry"],"_links":{"self":[{"href":"https:\/\/restart-club.fr\/index.php\/wp-json\/wp\/v2\/pages\/570","targetHints":{"allow":["GET"]}}],"collection":[{"href":"https:\/\/restart-club.fr\/index.php\/wp-json\/wp\/v2\/pages"}],"about":[{"href":"https:\/\/restart-club.fr\/index.php\/wp-json\/wp\/v2\/types\/page"}],"author":[{"embeddable":true,"href":"https:\/\/restart-club.fr\/index.php\/wp-json\/wp\/v2\/users\/1"}],"replies":[{"embeddable":true,"href":"https:\/\/restart-club.fr\/index.php\/wp-json\/wp\/v2\/comments?post=570"}],"version-history":[{"count":56,"href":"https:\/\/restart-club.fr\/index.php\/wp-json\/wp\/v2\/pages\/570\/revisions"}],"predecessor-version":[{"id":642,"href":"https:\/\/restart-club.fr\/index.php\/wp-json\/wp\/v2\/pages\/570\/revisions\/642"}],"wp:attachment":[{"href":"https:\/\/restart-club.fr\/index.php\/wp-json\/wp\/v2\/media?parent=570"}],"curies":[{"name":"wp","href":"https:\/\/api.w.org\/{rel}","templated":true}]}}